46. What is the remainder when 74 is divided by t(-10)?
22
Let k = -266 + 287. Calculate the remainder when k is divided by 13.
8
Let h = -2223 - -2229. Let q = -15 - -29. Calculate the remainder when q is divided by h.
2
Let k = 1019 - 1005. Calculate the remainder when ((-263)/2)/((-2)/4) is divided by k.
11
Let h be (-1714)/(-8) + 9/12. Suppose 4*w = 2*k + 172, 5*w + 2*k + k = h. Suppose -2*x = -x - w. Calculate the remainder when x is divided by 15.
13
Let h(m) = m**3 - 6*m**2 + 7*m + 4. Let n be h(4). Suppose -3*j + 0*j + 330 = n. What is the remainder when j is divided by 56?
54
Let p(t) = 4*t + 2*t**3 + 3*t - 7 + 6*t**2 + t - 3*t**3. Let v be p(7). Suppose 0 = -v*m - 3*m + 12. Calculate the remainder when m is divided by 3.
1
Let m = 10 - 7. Let x = m + 0. Calculate the remainder when 44 + 1*x/3 is divided by 12.
9
Let r(p) = 11*p - 15. Let v be r(3). Suppose -v = -4*z + 4*g + 10, 3*z + 4*g - 21 = 0. What is the remainder when z is divided by 2?
1
Suppose -2430 - 980 = -22*q. What is the remainder when q is divided by 16?
11
Calculate the remainder when 41 is divided by (-4*(-7)/56)/((-1)/(-12)).
5
Suppose 5*f = 2*i - 6*i + 722, 5*i = 15. Calculate the remainder when f is divided by 42.
16
Let n(v) = v + 11. Let d be n(-7). Suppose 0 = -d*t + 51 + 69. Calculate the remainder when t is divided by 16.
14
Suppose -7 = -2*r - 1. Suppose -r*z = -3 - 75. Calculate the remainder when z is divided by 14.
12
Let y = 1171 + -1160. Let u(d) = 4*d**2 - 1. Calculate the remainder when y is divided by u(1).
2
Suppose x = 11 + 7. Let d = 26 - x. Let g = 13 - 7. What is the remainder when d is divided by g?
2
What is the remainder when 52 is divided by (-306)/54*(-3 - 0)?
1
What is the remainder when (180/(-100))/(12/(-340)) is divided by 5 - -8 - (1 - -1)?
7
Suppose 0 = 2*q + 2*q - 40. Calculate the remainder when 10/(-4)*(-48)/q is divided by 10.
2
Let a(g) = -g**3 + 22*g**2 + g - 20. Let d be a(22). Suppose -h - q = d*h - 30, 3*h - 42 = -5*q. What is the remainder when 15 is divided by h?
6
Suppose 19*d - 15*d = -12. Calculate the remainder when 70 is divided by d/(-6)*-2 - -13.
10
Let b be ((-3)/(-2))/(-3 - (-54)/16). Suppose -b*r + 2*h - 4 = -64, 2*r - 5*h - 14 = 0. What is the remainder when 57 is divided by r?
6
Suppose 0 = -8*h - 9*h + 68. Calculate the remainder when 16 is divided by h.
0
Let f = -404 + 428. Calculate the remainder when 46 is divided by f.
22
Let a(o) = o - 1. Let u be a(1). Suppose s = -0*s + x + 59, u = 3*x. Suppose -1829 = -498*h + 439*h. Calculate the remainder when s is divided by h.
28
Suppose 168 = 2*b + n - 91, 5*b - 4*n - 615 = 0. Suppose -b - 3 = -2*r. Suppose 5*x = 4*x + r. Calculate the remainder when x is divided by 17.
14
Let a = 12 - 9. Suppose 4*l + 5*x - 8 = 19, 0 = -l + 4*x + 33. Let v = l - 4. What is the remainder when v is divided by a?
0
Let y(l) = -l**2 - 59*l - 390. Let p(r) = -r**3 - r**2 + 7*r + 6. Let m = -12 - -7. Calculate the remainder when p(m) is divided by y(-51).
17
Suppose n - 4*q = 33, -3*n + 64 + 43 = -4*q. Let i(b) = -3*b - 2. What is the remainder when n is divided by i(-5)?
11
Suppose 42 = 4*v - n - 131, 0 = 2*v - 3*n - 79. Suppose -3*r - 29 = -4*g + v, -4*g + 67 = -r. What is the remainder when 33 is divided by g?
1
Let t(q) = 4*q - 46. What is the remainder when 179 is divided by t(16)?
17
What is the remainder when (-65)/(-15)*21 + -3 is divided by 23?
19
Let l = 37 - -115. Suppose 0*f + f - 27 = -3*x, -2*x - l = -5*f. Calculate the remainder when 57 is divided by f.
27
Let q(x) = 6*x**3. Let y be q(-1). Calculate the remainder when 2 is divided by 1/(2/y*-3).
0
Let v = 102 - 73. Let h be 56/24 - 2/6. Suppose 0 = 5*n + h*p - 574, -448 = -4*n - 0*p + 4*p. What is the remainder when n is divided by v?
27
Suppose -6 = -i + 4. Calculate the remainder when 0 - (1 + -2) - -35 is divided by i.
6
Suppose 188 = 9*q + 8. Calculate the remainder when 70 is divided by q.
10
Let o be (-3 - 20/(-8))*-10. Suppose -5*l + 448 = -3*p, -o*l = -0*l - 5*p - 440. Let t = -51 + l. What is the remainder when t is divided by 11?
8
Suppose -5*z + 4*q + 430 = 0, 3*z = -z + 3*q + 344. What is the remainder when 686 is divided by z?
84
Suppose 101*v = 117*v - 1440. What is the remainder when v is divided by 23?
21
Let u = 230 + -217. Calculate the remainder when u is divided by 8.
5
Suppose -4*p + 118 = -5*y, 0*p + y + 110 = 4*p. Suppose 9*m - 33 = -2*m. Calculate the remainder when p is divided by m.
0
Let v(x) = -x**3 - 3*x**2 + 5*x - 3. Suppose -14*i - 32 = -10*i. Let w = -13 - i. Calculate the remainder when 64 is divided by v(w).
20
Let f = 175 + -175. Let n be 1 + (-1)/(1/1). Suppose -r + n + 2 = f. Calculate the remainder when 3 is divided by r.
1
Suppose -k - 2*w - 6 = -2, -5*w = -3*k + 10. Suppose k*m + 99 = 3*m + 3*j, 0 = 5*m + 4*j - 162. Calculate the remainder when m is divided by 18.
12
Let x(w) = -w**2 - 31*w - 113. Calculate the remainder when 984 is divided by x(-26).
15
Let y = 58 - 26. Let z(f) = -4*f - 6 + 0 + 1. What is the remainder when z(-17) is divided by y?
31
Let x = -145 + 173. What is the remainder when 114 is divided by x?
2
Suppose 31 = -6*f + 49. What is the remainder when 11 is divided by f?
2
Let j = -477 - -596. Calculate the remainder when j is divided by 59.
1
Suppose -85*i + 1470 = -64*i. What is the remainder when i is divided by 7?
0
Let y be (-4)/4*(-6)/2. Suppose -7*t + 32 = -y*t. Calculate the remainder when 28 is divided by t.
4
Suppose 10 = 2*j - j - 3*i, 2*i = 0. What is the remainder when (2/(-10))/(j/(-950)) is divided by 4?
3
Let m(z) = 4*z**2 + 5*z + 5. Calculate the remainder when m(-6) is divided by 2 + 2/(-4) - 315/(-14).
23
Let c(o) = o + 14. Let j be c(-14). Suppose j = -10*s + 14*s + 8. Let m(t) = -5*t - 3. Calculate the remainder when 12 is divided by m(s).
5
Let l be (3 - (2 + 15)) + -2. Let j = l - -25. Let a(k) = -k**3 + 10*k**2 - 8*k + 2. What is the remainder when a(j) is divided by 4?
3
Let n(y) = 2*y**3 - 4*y**2 + 4*y + 1. Suppose 3*s - 38 - 10 = 0. Let h = 27 - s. What is the remainder when n(3) is divided by h?
9
Suppose -4*g - 35 = 1. Let h = 87 - g. Calculate the remainder when h is divided by 20.
16
Let k(x) = x**3 - 6*x**2 + 6*x - 5. Let h be k(5). Suppose h = -z - g + 64, 2*g + 310 = 5*z - 3*g. What is the remainder when z is divided by 16?
15
Suppose 129 = 5*f + 9. Suppose -m + 4*i + 10 = 0, 2*i - 10 = -3*m + 4*i. What is the remainder when f is divided by (m + 5 - -2)/1?
6
Let a = -143 - -102. Let b = -24 - a. Let u = 22 - -9. Calculate the remainder when u is divided by b.
14
Suppose 4*x + 50 - 246 = 0. Let j(h) = 59*h**2 + 1 - 29*h**2 - 26*h**2. What is the remainder when x is divided by j(-2)?
15
Let y(j) be the first derivative of -j**3/3 - 4*j**2 + j + 6. What is the remainder when y(-6) is divided by -1 + 3/(-1) + 11?
6
Suppose 3*v - c - 3*c - 38 = 0, 4*c + 8 = -2*v. What is the remainder when 7 is divided by v?
1
Let k(j) = 4*j**2 - 28*j + 35. Suppose 0 = 2*s, -13 = -2*a + 2*s + 1. Calculate the remainder when k(6) is divided by a.
4
Let j(l) = -12*l - 1. Suppose -5*k = 3*c + 23, -3*c - k - k - 11 = 0. What is the remainder when (31/(-2))/((-16)/32) is divided by j(c)?
9
Calculate the remainder when 118 is divided by (1 - 0)/(-3*(-2)/246).
36
Let z(x) = 3*x + 7*x - 4*x + 56. Calculate the remainder when 58 is divided by z(-6).
18
Let f(z) = 5*z + z + 70 - 4*z - 60. What is the remainder when 151 is divided by f(2)?
11
Let w(b) = b + 25. Suppose 16 = 4*f - 0*f. Suppose -4*i + i + 302 = f*r, -4*i + 5*r = -382. What is the remainder when i is divided by w(0)?
23
Suppose 0 = -5*r - 25, -5*r - 35 = 2*a - 2*r. Calculate the remainder when 86 is divided by 8 + a + (-3 - (-24 + -3)).
20
Calculate the remainder when (39/2)/(0 + 3/8) is divided by 11.
8
Suppose 0 = -4*u + 3*d + 28, -2*d = 2*u + 3*u - 35. Let i(b) = b + 23. Suppose -s - 8 = 11. Calculate the remainder when u is divided by i(s).
3
Suppose 2*f - 1892 = -3*f + 3*j, f + 3*j - 382 = 0. What is the remainder when f is divided by 19?
18
Calculate the remainder when 134 is divided by ((-1881)/(-165))/((-3)/(-10) + 0).
20
Suppose -7*z + 105 + 413 = 0. Suppose 0 = -4*c - 3*d + 64, -2*d + 6*d = -3*c + 41. What is the remainder when z is divided by c?
17
Suppose 5*v - 9 - 21 = 0. Suppos